 -1) - (44 - -16 - 48).
2
(-92 - -93) + 4 - -78
83
What is the value of 13 + 7 + -17 - (11 + -27)?
19
What is the value of -7 + -10 + (18 - -13 - 12) + (-2 - 5)?
-5
Calculate -166 + (-43 - (-192 + 86)).
-103
Calculate 31 - (23 - ((303 - 266) + (1 - 1))).
45
-31 + -4 + 101 - 116
-50
Calculate 23 + (5 + (-23 - -43) - 135).
-87
What is the value of (-1 - 1 - -3 - -11 - (81 + -62)) + -58?
-65
5 + 15 + 3 + -39 + -5
-21
Calculate 46 + -1 + -1 + (-25 - -11) + 1.
31
What is the value of (11 - -24 - -11) + (1 - 9 - (-77 - -78))?
37
Evaluate 99 - (-30 + 49 + 34 + -29).
75
Evaluate (0 - -8) + (-11 - (1 + -17 + 2)) - -42.
53
What is the value of -14 + (56 - (-40 + 18))?
64
-2 + 41 + (-9099 - -9131)
71
Calculate -62 + (-57 - -60) + -21.
-80
What is the value of 33 + -19 + (6 - (0 - 4)) + (14 - 3)?
35
Evaluate (144 - 132) + (21 - 0) + 6 + -1 + -5.
33
Evaluate 120 - (-55 + 118) - (-2 + 11 + -2).
50
Evaluate (8 + 3 - 40) + (59 - 73).
-43
What is 11 + ((14 + -23 - -28) + -12 - (8 - 2))?
12
(49 - 26 - -4) + -67
-40
Calculate -43 - (-32 - -47 - 67).
9
Evaluate -58 + 77 - 28 - -80.
71
What is -14 + (103 + (13 - -6 - 19) - 7)?
82
What is the value of -14 - (-51 + 88 + -18)?
-33
What is the value of -3 + (-9 - ((-13 - 53) + 16))?
38
Evaluate (14 + -2 - 56) + 41 + -47.
-50
What is the value of 15 + 86 + -21 + (-41 - -42)?
81
Evaluate 33 - (229 - (28 + 62)).
-106
What is 23 + (62 + 29 + 12 - 11)?
115
What is (-6 + 24 + -22 - 64) + 20?
-48
Evaluate (37 - 11 - 30) + (-14 - (11 - 57)).
28
6 + -3 + -27 - (-3174 - -3176)
-26
Calculate 137 - (122 + -189 - -251).
-47
Calculate -12 + (37 + -98 - -22).
-51
What is 4 + -6 + -17 + -106 + 86?
-39
Evaluate (0 - 8) + (15 + -32 - -20 - 93) + -26.
-124
Calculate 190 - 43 - 132 - (31 + 0 + 2).
-18
Calculate -50 - (-5 - (-45 - -85)).
-5
(-306 - -316) + (1 - (0 - -2)) - -13 - 2
20
What is -2162 - -2097 - (-23 - 0)?
-42
-53 - (-28 - (9 - 44) - 35)
-25
What is 4125 + -4165 - (1 - (-26 - -1))?
-66
What is (29 + -12 - 6) + -7 - 21?
-17
Calculate 15 + -63 + 34 + (-18 - -13).
-19
Evaluate 19 + (25 - -25) + -72.
-3
What is the value of 7 + (-9 - (-7 + 18) - -15)?
2
What is -4 + (-7 - -10) - ((5 - -3) + 56)?
-65
Calculate -1 - -15 - (-85 - (-184 + 133)).
48
What is the value of (-30 - (-62 + 12 + -17)) + 11?
48
14 - 4 - ((-66 - -54) + -20)
42
What is the value of (-1 + -15 - -31) + (-23 - -2) + -29?
-35
-7 + -29 + -17 + 18 + -18
-53
What is (1 - (-4 - (-4 - -2))) + -8 - (-64 + -1)?
60
What is the value of 11 - (68 + -37 + (-19 - -29))?
-30
Evaluate 20 - (2 + -18 + 7 + -4 - (-84 + 58)).
7
Evaluate -57 + (-11 - (1 - 4)) + 16 - 11.
-60
(-505 - -537) + 5 + 16
53
Evaluate (58 - 0) + (1 - -15) + -13.
61
What is (-5 - 35) + (-26 + 81 - 20)?
-5
What is 5 - (-264 - -114) - 250?
-95
What is the value of (-18 - (6 + -8)) + (-16 - 6)?
-38
What is the value of 16 - (-11 + (46 - (24 + (-15 - -12))))?
2
Calculate (-33 + 48 - 55) + -1.
-41
15 + (-113 - -99) + (27 - 2)
26
What is the value of (-2 - (-9 + -1)) + -4723 + 4702?
-13
Evaluate -16 + (8 - -22) + -14 - -13.
13
What is the value of -3 + -14 - (-55 - -47)?
-9
What is the value of 5 + 7 + 187 + -248?
-49
-79 - (0 - -3) - (4741 + -4783)
-40
What is 67 + 11 + -13 - 18?
47
-4 + (46 - (-61 - -63))
40
Calculate 2 - (0 - (-5 + 1 + 20 + -28)).
-10
What is (9 - (6 + 12 + -58)) + (3 - (4 - 2))?
50
What is the value of 38 + ((-51 - -37) + (-3 - -17) - -11)?
49
Calculate 66 - 38 - (74 - 47).
1
What is 0 - -2 - (-27 + 38) - 2 - (23 + -19)?
-15
Calculate 50 + (13 + -16 - (-4 + -1 + (1 - -5))).
46
Evaluate -25 - (53 + (-1 - 88)).
11
Evaluate (4 - (-32 + 15)) + -4.
17
4 + (-52 - -50) + -50
-48
17 - (-30 + 1 + (-720 - -703))
63
What is the value of -6 + (5 - (4 + -4 + 3)) - (-196 - -190)?
2
-36 + 57 + -67 + 7 + (0 - 1)
-40
What is the value of -88 + (-17 - -35 - 41 - (-7 - (2 - -2)))?
-100
3 + (-13 + 8 - (-3 + -8)) + -31
-22
Evaluate -34 - (-4 + -8 + 4 + 1 - (-64 + 65)).
-26
What is the value of -109 - (17 + (24 - (22 - (8 - 18))))?
-118
What is the value of 22 - (77 + -165 - -55)?
55
What is the value of -72 + (-2 + 1 - 1) + -7 + (-587 - -593)?
-75
Evaluate 18 - -20 - (59 - 37).
16
Calculate -2 - -1 - -15 - (-26 - (41 - 41 - 25)).
15
What is 49 + (-49 - -20) + -43 + -1?
-24
Evaluate 54 + -2 - (-109 + 204).
-43
What is -19 + 4 + 4 + (14 - (17 - -10))?
-24
Evaluate 27 - (24 - -12 - (6 + 12)).
9
What is the value of (32 - 22) + 11 + 6 + -24?
3
154 - 132 - (-1 + 15) - (-1 + -2)
11
What is the value of (255 - 260) + (7 - 4) + -29 + (-5 - -6)?
-30
Calculate -104 + -1 - (-176 + (-55 - -219)).
-93
What is the value of (-9742 - -9687) + 1 + -3 + 19?
-38
Calculate (38 - 138 - 23) + 31.
-92
3 + (-9 + 0 - (21 - (24 + 2)) - 0)
-1
Calculate (144 - 60 - 10) + -19.
55
211 + -148 + (25 - 108)
-20
What is the value of 797 + -855 + 0 + 117?
59
Calculate -6 + -85 - (0 + 3 - ((-78 - -43) + 51)).
-78
What is 29 + -64 + 16 + -4 + (-9 - 0)?
-32
-63 + 105 - (-34 + 124)
-48
Calculate (-10 - (-2 - 2)) + (6 - -2) + -116.
-114
Calculate -22 - (5 - (18 - -78)) - 7.
62
What is (4 - (0 - -46)) + 61?
19
Calculate -77 - (10 + -52 - 5).
-30
Evaluate -1 + 11 + 113 + (20 - 38).
105
What is (-9 - 1) + (-2 - -1) + (244 - 220) + -64?
-51
What is (-13 + 7 + -12 + 14 - 3) + 49?
42
(0 + 50 + -5 - 2) + 34 + 35 + -66
46
What is -46 - ((-6 - -27) + -7)?
-60
Calculate (16 - 58) + -2 - -52.
8
What is the value of -54 + 1 - (-15 + 32 + 12 + -14)?
-68
What is -24 + -69 + 18 - -54?
-21
(-47 - (-4 - (24 - 13)) - -22) + -111
-121
What is 20 + -12 - (-7 - 6) - 44?
-23
Evaluate 3 - -72 - (-12 + -21 + 16 - -38).
54
Evaluate (-104 - (56 + -155)) + (0 - -43).
38
-18 + (-36 + 25 - 50)
-79
Evaluate (-21 - 1) + -191 + 211.
-2
What is the value of 46 - (9 - ((-12 - -4) + 19) - (1 - 2))?
47
-90 - (-37 + (41 - 47))
-47
What is -72 + ((-1 - -17) + -1 - (5222 + -5214))?
-65
-3 + (-705 + 708 - (0 + 23))
-23
What is (37 - (-58 - -89)) + (-3 - (0 + 1 - 1))?
3
What is the value of 18 - ((-10 - (6 - -2)) + 12)?
24
(1 - 13) + (-2 - (3 + -24) - 15) + 3
-5
Evaluate 13 - (-41 + 14 + 15 - 10).
35
What is the value of -84 + 71 - (4 - ((7 - -11) + 2))?
3
Calculate (-101 - (-32 - 2)) + 35 - -98.
66
-22 + (56 - -12 - 60)
-14
What is (-11 - 4 - -2) + 13 + -28 - 2?
-30
15 + (-20 - ((16 - 39) + 31)) + 1 + -51
-63
What is the value of 50 - (151 - (68 - 13))?
-46
Calculate -64 + 50 + -24 - (-14 - 8).
-16
What is 38 + 33 + -2 + -3 + -8?
58
What is -14 - (-49 - -14 - 18) - 20?
19
Evaluate 12 + (4 - -2) + (0 - (-59 + 49)).
28
What is the value of (-1 - 15) + 0 + -1 + (-67377 - -67317)?
-77
What is the value of (-1763 - -1740 - (-73 + -1)) + (-21 - 1)?
29
-8 - ((-11 - -20) + 15 - 11)
-21
What is the value of (-43 - 142 - -81) + 58?
-46
What is -41 - (-14 + 9 + (216 - 110))?
-142
Calculate (-19 - (0 - 23 - -15)) + 19.
8
Calculate (-1 - (126 + (-2 - 1))) + (-41 - (101 - 143)).
-123
-1 - 1 - (-2 + -4 + (-16 - -5) - -11)
4
69 + ((25 - 4) + -8 + 5 - 6)
81
What is the value of (7 + -13 + -7 - (-6 - 16)) + -7?
2
Calculate (-3 - -21) + -7 - (94 - 103).
20
What is 12 + -1 + 106 + -128 + -19 + 6?
-24
21 + (2 + 1 - (84 + -119))
59
-21 - (26 + (-16 - 8)) - (-1 + 20)
-42
What is (21 + 6 - 30) + 14?
11
What is the value of (-7 - -22) + 30 + (-10 - -1)?
36
What is (2 - (-116 - -2)) + 5682 + -5704?
94
-2261 + 2259 - (-1 - 29 - (-1 + (4 - 3)))
28
Evaluate -89 - -12 - -29 - -27.
-21
31 + -47 + (114 - 72)
26
What is the value of 0 + 0 - (9699 - 9766)?
67
Evaluate (12 - 3) + (-48 - -1) + (-141 - -149).
-30
2 - (4 - (0 - (1 + -1 + 11) - -8))
-5
What is 5 - (-20 - -12 - -15) - (-17 - 5)?
20
What is 7 - 0 - (1117 - 1083)?
-27
What is (281 - 250) + (-36 - -6)?
1
What is the value of 137 - ((-66 - -137) + 4)?
62
1041 - 932 - (85 - 3)
27
What is -91 - (6 - (-44 - -96))?
-45
Evaluate -82 - (50 - (-18 + 5 - -37)).
-108
What is the value of (-1 + 0 - 6) + (34 + -14 - 41)?
-28
What is the value of -4708 + 4695 - (1 + -70 - -1)?
55
What is the value of 3 - (-33 - (-10 - (-44 + 38)))?
32
Calculate (-32 - -1) + (137 - (101 - -22)).
-17
What is the value of 4 - (13 + -24 + (19 - (-9 + 2 - -3)))?
-8
Evaluate 37 + 41 + 9 + -60.
27
-1 + (1 - 4) - (-169 - -132) - -5
38
What is the value of (-58 - 2) + (-33 + 2 - (-124 + 77))?
-44
Evaluate (33 - (1 + -2 - -2)) + (-795 - -802).
39
What is the value of 15 + (-33 - 58 - -45)?
-31
Calculate -1